*z. Let p(r) = -r + 11. Let b be p(z). Calculate the greatest common divisor of b and 33.
11
Let d = 5 + -3. Suppose -d*h + 60 = -h. Suppose 9*a = 4*a + h. Calculate the highest common divisor of a and 3.
3
Suppose -20 = -n + 5*b, -5*b = -n - 3*b + 11. What is the highest common divisor of n and 15?
5
Suppose 0 = -3*a - 2*j + 141, a - 3*j - 36 = -0*a. What is the highest common factor of a and 5?
5
Let h be 108 + 4/(-6)*-3. Suppose 3*i - 135 = -4*d - 11, 4*d = 5*i - 228. What is the highest common divisor of i and h?
22
Let j = -6 + -6. Let h be (-3)/(-2)*(-112)/j. What is the greatest common divisor of h and 2?
2
Let c be 3/(-24) - 241/(-8). What is the greatest common factor of c and 3?
3
Let q(n) = -n**2 - 5*n - 2. Let v be q(-5). Let l(f) = f**2 + 5*f + 3. Let a be l(v). Let h be 34/5 - a/15. What is the highest common divisor of 14 and h?
7
Let s = 11 + -9. Let z(m) = 12*m**2 - m - 2. Let b be z(s). Suppose -4 = -l - 2*n, -4 = -l - 0*l - 5*n. What is the highest common divisor of b and l?
4
Suppose -z - 4*z + 35 = 0. Let g be (0 + 5 - -72) + 2 + -2. What is the greatest common factor of z and g?
7
Let w = -11 + 18. Suppose 0*m + 13 = x + 2*m, -5*x + 109 = -m. What is the highest common divisor of x and w?
7
Let k(m) = m**3 - 4*m**2 + 4*m - 4. Let a be k(3). Let s be a/2 - (-506)/4. Let f be 4/8 - (-70)/4. Calculate the highest common divisor of f and s.
18
Let z be (1*6)/((-21)/(-14)). Suppose -z*m + 520 = 5*r, m - r - 2*r = 147. Calculate the greatest common factor of 15 and m.
15
Let p be 218/4 - (-8)/16. Suppose p = 4*u + u. Calculate the greatest common divisor of 77 and u.
11
Suppose -b + 57 = 2*b. Suppose -3*d - 5 = 2*j + 3*j, 0 = -d + 2*j + 13. Suppose d*o = 157 + 318. What is the greatest common factor of b and o?
19
Let d be (-1)/(1/(-5)*1). Suppose d*r = 2*r + 39. Let s = 56 - -9. Calculate the highest common divisor of s and r.
13
Let z = 25 - 1. Suppose -96 = 2*s - 5*s + 4*k, -186 = -5*s - 2*k. Calculate the highest common divisor of s and z.
12
Let a = 0 - -8. Calculate the highest common divisor of a and 16.
8
Let p be (-23)/(-2) + 6/12. Calculate the highest common divisor of 18 and p.
6
Let x = 91 - 34. Let d be -3 - x/(-2 - 1). What is the highest common factor of 32 and d?
16
Let t(a) = -3*a - 7. Let l(s) = 4*s + 8. Let q(z) = 5*l(z) + 6*t(z). Let h be q(3). What is the highest common factor of h and 8?
4
Suppose n + 21 = 3*o, -n - n = -3*o + 48. Let l = -21 - n. Calculate the highest common divisor of l and 24.
6
Let k(f) = 4*f. Let n be k(-1). Let t = n + 3. Let z(o) = -31*o + 1. Let l be z(t). What is the highest common divisor of l and 48?
16
Let d(a) be the third derivative of 6*a**5/5 - a**4/24 + a**3/6 + 4*a**2. Let l be d(1). Calculate the greatest common divisor of l and 18.
18
Let u(t) = 2*t**3 - 3*t**2 + 2*t - 3. Let m be u(2). Let k = -2 + 4. Calculate the greatest common factor of m and k.
1
Let j be 30/4*(4 - -2). Let w be ((-18)/8)/((-3)/24). What is the highest common factor of w and j?
9
Suppose 15 = v - 9. Let k = 5 + -3. Let j be k/(-2) + (-3 - -16). What is the highest common divisor of v and j?
12
Let b(t) = t**2 - 5*t + 21. Let n be b(0). What is the highest common divisor of 189 and n?
21
Let y(l) = -2*l + 1. Let z be y(2). Let d be (-7 - -19) + z + 1. Let i(r) = 20*r**2 + r + 2. Let t be i(-2). Calculate the highest common factor of t and d.
10
Let z = 6 - -2. What is the highest common factor of 32 and z?
8
Suppose g = 3*g - 32. Let q = 7 - -1. Let m = q + g. What is the highest common factor of m and 4?
4
Let y = 29 - 11. Let c be (-2)/2 - 3/(-3). Suppose 6*f - 7*f + 54 = c. Calculate the highest common factor of y and f.
18
Suppose -2*y + 17 = -3. Suppose -2*p = 3*p + 215. Let k = -23 - p. What is the greatest common factor of y and k?
10
Suppose -3*l = -28 - 50. Let m(t) = t - 1. Let n be m(-3). Let y be l*(-2)/n*1. Calculate the greatest common factor of 91 and y.
13
Suppose -4*m + 7*m = 27. What is the greatest common factor of m and 117?
9
Let l be 1*3*(-10)/(-6). Suppose 4*t = l*t - 4. Suppose t = -k + 5*k. What is the highest common factor of 8 and k?
1
Let k = 139 + -31. What is the greatest common divisor of 12 and k?
12
Let q be (-3 + -78 - -2)/(-1). Suppose -5*s + q + 301 = 0. What is the highest common factor of 19 and s?
19
Let d = -42 + 65. Let u = d - 10. Calculate the greatest common factor of 13 and u.
13
Let c(g) = -g. Let k be c(-2). Let w be (k/(-3))/(1/(-6)). Suppose 3*f + w = f, -2*d + 100 = 5*f. Calculate the highest common factor of 5 and d.
5
Let l = -31 - -83. What is the highest common divisor of l and 130?
26
Let i(l) = -3*l**3 + 2*l**2 + 2*l + 2. Let x be i(-2). Suppose 2*k + 5*a = 30, -2*a = -5*k + a + 75. Calculate the highest common factor of x and k.
15
Let t(a) be the second derivative of -9*a**5/10 - a**3/3 - a**2/2 + 7*a. Let i be t(-1). What is the greatest common factor of 76 and i?
19
Let q = 16 - -1. Let c(x) = x**3 - 12*x**2 + 7*x + 10. Let d be c(11). Let z be (d/3*3)/(-2). What is the greatest common factor of z and q?
17
Let t be 214/14 + 4/(-14). Suppose -4*i + 51 + 13 = 0. Let z = 22 - i. What is the highest common factor of t and z?
3
Suppose 0*b - 6 = -2*b. Let j be 61 + b/(-6)*2. Let i be 15/(-1)*(-2)/2. What is the highest common factor of j and i?
15
Suppose 0*w + 3*j - 48 = -2*w, 4*j = -4*w + 96. What is the greatest common factor of 12 and w?
12
Suppose 5*v - 193 = 47. Suppose -4*i + v = z, 9*i - 5*z = 4*i + 85. Calculate the highest common factor of 143 and i.
13
Let k(w) = -w**3 + 8*w**2 - 8*w + 5. Let y be k(5). Calculate the greatest common factor of y and 10.
10
Suppose 5*l + 122 - 772 = 0. Calculate the greatest common factor of 195 and l.
65
Suppose -2*j - m + 322 = -0*m, -j + 160 = m. Calculate the greatest common factor of j and 18.
18
Let a(g) = 6 - 4 - g - g. Let d be a(-4). What is the highest common factor of 80 and d?
10
Let a be (5 + -5)*(-2)/(-4). Suppose a = -3*m - m + 280. Let b(v) = v**2 - v - 2. Let o be b(4). Calculate the greatest common divisor of o and m.
10
Let l be 3 + (4 - (2 - -4)). Let m = -11 - -18. What is the greatest common divisor of l and m?
1
Let k = 24 - 18. What is the greatest common divisor of 60 and k?
6
Suppose 2*z - 26 = 54. Suppose 3*f + f - z = 0. Calculate the highest common factor of f and 90.
10
Let a(q) = q + 3. Let w be a(4). Suppose 2*b + 4*o = 12 + 110, -3*o - 66 = -b. Calculate the greatest common divisor of b and w.
7
Suppose b = h - 0*b - 63, 5*b = 2*h - 126. Let s = h - -12. Let m(v) = -31*v**3 - 1. Let y be m(-1). Calculate the highest common factor of y and s.
15
Let j = 116 - 17. Calculate the greatest common factor of j and 33.
33
Suppose 2*k = -0*x + x - 64, -5*x + 320 = k. Calculate the highest common factor of 24 and x.
8
Let c be (-21 + 9)*(-27)/2. What is the greatest common divisor of 18 and c?
18
Let a = 6 - 1. Suppose 0 = z - 4*z - 2*j + 5, z - a*j = -4. Let o be (0 + z - 4) + 43. What is the highest common divisor of o and 5?
5
Let z be (74 + 2)/2 - 3. Let p = 59 - z. Calculate the greatest common divisor of p and 6.
6
Let g be 198/(-3)*(-6)/4. What is the highest common factor of 66 and g?
33
Let m = 308 - 121. Suppose n - 2*z = 3*z + 30, 4*n - 30 = 2*z. Suppose 0 = -n*o + 4*k + 85, 4 + 47 = 3*o - 5*k. Calculate the highest common divisor of o and m.
17
Let y be (-3)/((-3)/(-38)*-2). What is the highest common divisor of y and 19?
19
Suppose 1 + 8 = 3*o, -3*f - o = -108. What is the greatest common divisor of f and 20?
5
Let m = -56 - -60. Let f be ((-7)/3)/(3/(-36)). What is the greatest common divisor of m and f?
4
Let y be (3 - (-78)/4)*10. Let h = y + -16. Calculate the greatest common divisor of h and 19.
19
Let k = 3 + 2. Suppose r - 12 = -4*q, 0 = -3*q + 3*r - k - 1. Suppose -q*i - 7 = -29. Calculate the greatest common factor of i and 1.
1
Suppose 3*q + 5*x = 6*q - 283, 2*q = 5*x + 192. Let j = 20 - 7. What is the highest common divisor of j and q?
13
Let g be 1 + 4/(-2)*-7. Let c be -1*(16/4 + -9). What is the highest common divisor of g and c?
5
Suppose -3*t = 2*t - 145. Suppose 4*l = 4*f - 16, -3*f + t + 8 = 2*l. Calculate the greatest common factor of f and 9.
9
Let p be 0 + 146/6 + 1/(-3). What is the greatest common factor of p and 168?
24
Let n = -10 - -1